What are the prime factors of h(n)?
1259
Let f be 0 + (-3 - -9) + -15. Let d(u) = -24*u - 31. What are the prime factors of d(f)?
5, 37
Let j(l) = l**2 + 4*l. Let k be j(-3). Let m be 191 - (3/k)/(-1). Suppose 0 = 2*b - 0*s - 2*s - m, 288 = 3*b - 2*s. What are the prime factors of b?
2, 7
Suppose -2*l + 2*o + 18 = 0, 21 = 4*l + o - 10. Let t(z) = 192*z + 91. What are the prime factors of t(l)?
1627
Let h(t) = 299*t**2 - 168*t + 2. What are the prime factors of h(7)?
13477
Suppose -203*b + 20 = -201*b. What are the prime factors of ((-30256)/(-620))/(0 + 4/b)?
2, 61
Let i(d) = 10*d - 22. Suppose 3*y - 4*y = 2, 0 = 5*p - 2*y - 244. Let q = p + -42. What are the prime factors of i(q)?
2, 19
Suppose 37*u = -13210 - 11062. Let v = 2349 + u. What are the prime factors of v?
1693
Let f(k) = 19*k + 1155. What are the prime factors of f(-29)?
2, 151
Let v(p) = p**3 + 17*p**2 - 5*p - 86. Let n be v(-15). Let d = n + -340. What are the prime factors of d?
3, 11
Let b(x) = -6*x**3 + 3*x**2 - 4*x - 8. Let m be b(-4). Let z = 103 + m. What are the prime factors of z?
3, 181
What are the prime factors of -1*(-42)/(-24) - 227829/(-12)?
2, 3, 7, 113
Let h = -4425 - -9985. Suppose 0 = 5*a - x - h, x = -10*a + 7*a + 3328. What are the prime factors of a?
11, 101
Let q(j) = 9*j - 9. Let v be q(-1). Let l(u) = -u**3 - 20*u**2 - 70*u - 38. List the prime factors of l(v).
2, 7, 41
Let u(j) = -2*j**3 - 27*j**2 + 14*j + 5. Let p be u(-14). Suppose 5*d + 0*d = p*s + 1585, 4*d = -2*s + 1238. List the prime factors of d.
2, 3, 13
Let i = 3166 + -4453. Let q = -525 - i. List the prime factors of q.
2, 3, 127
What are the prime factors of 41544/(-10)*405/(-162)?
2, 3, 577
Let q = -644 - -644. Let h(s) = s + 27 - 2*s - 3*s**3 + 2*s**3. What are the prime factors of h(q)?
3
Let j be (-18)/3 + 2/(-2). Let v(x) = 2*x**2 + 9*x + 10. Let s be v(j). What are the prime factors of 1250/s - 6/(-27)?
2, 7
Let h(p) = -8*p**2 - 46*p - 44. Let u(o) = -10*o**2 - 45*o - 45. Let d(k) = -4*h(k) + 3*u(k). Suppose 0 = -8*b - 233 + 9. List the prime factors of d(b).
3, 79
Suppose 1158 = 5*b + 443. Let x = b + 94. What are the prime factors of x?
3, 79
Suppose -87*v + 90*v = -9*s + 156315, 5*v - 5*s - 260545 = 0. List the prime factors of v.
2, 7, 1861
Suppose -3*b - 4*c + 39 = 0, -4*b = b + 5*c - 70. Suppose -18*g + 74 = -b*g. Let a = 139 - g. What are the prime factors of a?
5, 13
Let q be ((-9)/(-4))/3 - (-3277)/4. Suppose -q = -4*p - 3*g - g, -3*p = g - 621. What are the prime factors of p - (-1)/3*3?
11, 19
Let z be (-8)/(-24)*-15*11. Let a = 1234 + z. List the prime factors of a.
3, 131
Let d(k) = 671*k + 1309. List the prime factors of d(10).
3, 11
Let k = -18 - -18. Suppose 4*p - 5*p - q = 409, p - 4*q + 424 = k. List the prime factors of 2/(p/(-404) + -1).
101
Suppose 2*b - 17578 = -58. Suppose 24*a = 4*a + b. What are the prime factors of a?
2, 3, 73
Suppose 83*c = 3*c + 5089280. What are the prime factors of c?
2, 7, 71
Suppose -222*l = -229*l + 14. Suppose 1237 = l*j + 3*v, -5*j + 392 = -v - 2726. List the prime factors of j.
7, 89
Let g = 265 - 412. Let f = 27 - g. List the prime factors of f.
2, 3, 29
Let m be (4 + 39/(-9))*-6225. Suppose 2*z + 5*t - 2149 = -44, 2*z - t - m = 0. List the prime factors of z.
2, 5, 13
Let o = -68 + 76. Let b(t) = 31*t - 2*t**2 + o - 23 + 13*t. List the prime factors of b(20).
5, 13
Let o(u) = u**3 - 7*u**2 + u - 21. Let f = -47 + 57. What are the prime factors of o(f)?
17
Let a(j) be the first derivative of -321*j**2/2 - 105*j + 9. What are the prime factors of a(-4)?
3, 131
Let n(l) = 88*l**3 - 9*l - 9. Let h be n(-2). What are the prime factors of h/2*(-40)/100?
139
Let k be (-1 - 0/3)*(-8)/4. Suppose o = 3*i + 3*o - k, -5*o = 10. Suppose -i*f + 515 = 3*f. What are the prime factors of f?
103
Let n = 168 - 164. Suppose -n*u + 408 = -1716. List the prime factors of u.
3, 59
Let n(r) be the second derivative of 10*r**4/3 + 5*r**3/6 - r**2 - 10*r - 9. List the prime factors of n(5).
3, 11, 31
Suppose -7*c + 2*a + 96341 = -122029, -4*a = -3*c + 93562. List the prime factors of c.
2, 19, 821
Let t = -453 - -459. List the prime factors of 2/t - 251440/(-240).
2, 131
Let v(w) be the first derivative of 6*w - 5*w**3 + 3/4*w**4 + 24 + 4*w**2. List the prime factors of v(6).
2, 3
Suppose 4*w - 1028 = -3*l - 0*w, -l + 345 = -w. Suppose 5*r = -l + 2869. List the prime factors of r.
5, 101
Suppose 185658 - 21144 = 14*u. List the prime factors of u.
3, 3917
Let r(f) = -245*f - 29. Let u(q) = -244*q - 28. Let l(s) = -3*r(s) + 4*u(s). What are the prime factors of l(-2)?
457
Suppose 2*v = -3*a - 0*a + 129, 3*v - 176 = -a. Suppose 0*k = 4*k + 3*d - 103, -2*k + 2*d + 62 = 0. Let i = v + k. What are the prime factors of i?
5, 17
Let m(w) = 3076*w + 869. What are the prime factors of m(5)?
16249
Let w = -35012 + 49372. List the prime factors of w.
2, 5, 359
Let c(s) = s**2 + 22*s - 21. Let k be c(-23). Let i be 5/((-15)/(-261)) - k. List the prime factors of i/2*(-6)/9*-3.
5, 17
Let p(w) = 4*w**2 - w + 5. Let t(m) = -13*m**2 + 2*m - 14. Let k(x) = -8*p(x) - 3*t(x). List the prime factors of k(5).
11, 17
Let q = -7365 - -17844. List the prime factors of q.
3, 7, 499
Let t(g) = -315*g - 167. What are the prime factors of t(-4)?
1093
Suppose 3*q = -q - 4*o + 7504, 4*o + 3764 = 2*q. List the prime factors of q.
2, 3, 313
Let g(y) = 2832*y + 4074. List the prime factors of g(10).
2, 3, 5399
Suppose 0 = -130*y + 226034 + 555266. List the prime factors of y.
2, 5, 601
What are the prime factors of (-1)/(((-2)/25096)/((-490)/(-280)))?
7, 3137
Suppose 5 = p, -45 = -4*d + d + 3*p. What are the prime factors of d?
2, 5
Let g(l) = 5*l**2 + 127*l + 183. What are the prime factors of g(-38)?
3, 859
Let g(c) = -1. Let r(f) = -5*f**2 + 3*f - 22. Let h(x) = 6*g(x) - r(x). Let y = -74 - -78. What are the prime factors of h(y)?
2, 3, 7
Suppose 0 = 2*d - 3*d + 3. Let g(l) be the first derivative of 23*l**2/2 + l + 57. What are the prime factors of g(d)?
2, 5, 7
Suppose -4*y + 357 = -y - 3*m, -3*m - 109 = -y. Suppose k = 2*k - y. What are the prime factors of k?
2, 31
Let j(y) = -y**3 - 2*y**2 + 6*y + 57. Let n be j(0). Suppose 4*o = t + t - 94, -2*o - 62 = 4*t. Let q = o + n. List the prime factors of q.
2
Suppose -51*g + 59211 = 45895 - 266929. List the prime factors of g.
5, 7, 157
Let o(r) = -r**2 + 191*r + 15. Let z be o(15). Let w = z + -1622. What are the prime factors of w?
1033
Suppose 0 = -3*g - 3*m + 53103, 4*g - 16*m = -11*m + 70777. What are the prime factors of g?
2, 8849
Suppose -3*i + 4*x - 34 + 30 = 0, 4*x = -8. List the prime factors of 3 + 1 - -106 - i.
2, 3, 19
Let h = 37 + -35. Let s(o) = -o + 7*o**2 - 4*o**2 + 2*o**2 - 7*o**h - 104*o**3. List the prime factors of s(-1).
103
Let f(w) = 12*w**2 + 10*w + 10. Let z be f(-1). Suppose -3*s - n + 2782 = 931, -4*n = z. What are the prime factors of s?
2, 3, 103
Let a(r) = r**3 - 14*r**2 + r - 13. Let g be a(14). Let x be (g - 12/18) + 1168/6. Suppose w - x = -29. List the prime factors of w.
2, 83
Let d = -113 - -161. Suppose 2*n - 5*n + 5*p + d = 0, p = -3. Suppose -a - 3*y + 14 = -9, a - n = 3*y. List the prime factors of a.
17
Let b(z) = 9*z**2 - 14*z + 6. Let g be (-198)/(-30) - (0 - (-2)/(-5)). List the prime factors of b(g).
349
List the prime factors of ((-90)/(-105))/(10/1785)*(-56)/(-3).
2, 3, 7, 17
Suppose -3*q = q + 3*x - 21, -43 = -2*q + 5*x. Suppose i - q + 8 = 0, -3*i = -4*o + 865. What are the prime factors of o?
7, 31
Suppose -t + 2*t + 24 = 0. Let j be 19/209 - -26*16/22. Let q = j - t. What are the prime factors of q?
43
Suppose 1507815 = 60*w + 21*w. What are the prime factors of w?
3, 5, 17, 73
Suppose 85*p - 83*p = 112. List the prime factors of (p/(-16) + -3)*-16.
2, 13
Suppose 0 = -4*u - 5*v + 46657, u - 3*v = 13501 - 1824. What are the prime factors of u?
2, 2917
Let u be (-130)/78*(1 - -338). Let p = -14 - u. What are the prime factors of p?
19, 29
Suppose 2*z - 3*z = z. Suppose z = 32*n - 33*n + 5. Let l(m) = 17*m - 1. List the prime factors of l(n).
2, 3, 7
Let z(m) = -6172*m + 30. Let t be z(-5). Suppose -t - 13316 = 2*y. What are the prime factors of y/(-161) + (-4)/14?
137
List the prime factors of (5182308/(-57))/(-3) - (-50)/475.
2, 3, 5051
Let c be ((-2)/3)/(2828/708 + -4). Suppose -b -